2) to base 9
-4
-3 (base 6) to base 13
-3
Convert 29 (base 16) to base 2.
101001
What is 55 (base 9) in base 14?
38
What is -44 (base 13) in base 11?
-51
1 (base 4) to base 5
1
-11112 (base 3) to base 11
-101
Convert -a0 (base 11) to base 2.
-1101110
211 (base 4) to base 7
52
What is -3 (base 6) in base 16?
-3
What is -2 (base 11) in base 15?
-2
What is 13 (base 12) in base 15?
10
41 (base 8) to base 10
33
Convert 1 (base 7) to base 5.
1
143 (base 7) to base 14
5a
Convert -3 (base 16) to base 15.
-3
Convert -5 (base 16) to base 5.
-10
What is -2 (base 3) in base 14?
-2
20 (base 10) to base 13
17
4 (base 15) to base 11
4
a (base 12) to base 7
13
Convert 0 (base 15) to base 16.
0
What is 4b (base 12) in base 13?
47
What is -2211 (base 3) in base 6?
-204
What is -101 (base 2) in base 11?
-5
What is 46 (base 11) in base 15?
35
-1321 (base 6) to base 14
-1a1
Convert 25 (base 6) to base 14.
13
What is -11 (base 2) in base 9?
-3
What is -431 (base 5) in base 12?
-98
What is 25 (base 10) in base 13?
1c
8 (base 13) to base 16
8
Convert -3 (base 7) to base 3.
-10
What is 3 (base 15) in base 13?
3
What is 29 (base 12) in base 10?
33
-39 (base 10) to base 16
-27
Convert -12 (base 11) to base 13.
-10
Convert -5 (base 7) to base 4.
-11
13 (base 4) to base 5
12
-36 (base 15) to base 5
-201
-43 (base 9) to base 6
-103
What is 1220 (base 3) in base 12?
43
Convert -20 (base 13) to base 9.
-28
What is -11033 (base 4) in base 8?
-517
0 (base 15) to base 16
0
What is -10 (base 5) in base 16?
-5
0 (base 13) to base 7
0
-10011 (base 2) to base 15
-14
What is -2 (base 11) in base 5?
-2
111001 (base 2) to base 3
2010
What is 5 (base 6) in base 10?
5
What is -16 (base 9) in base 16?
-f
What is 2d (base 15) in base 11?
3a
Convert -80 (base 9) to base 5.
-242
What is 123 (base 8) in base 16?
53
Convert 18 (base 9) to base 4.
101
What is -28 (base 11) in base 8?
-36
-384 (base 10) to base 7
-1056
Convert -7 (base 10) to base 15.
-7
Convert 41 (base 5) to base 6.
33
What is 4 (base 7) in base 6?
4
Convert 18 (base 14) to base 16.
16
232 (base 11) to base 16
115
-50 (base 6) to base 10
-30
Convert -10 (base 5) to base 10.
-5
Convert -102 (base 14) to base 7.
-402
Convert 10001 (base 3) to base 13.
64
What is 0 (base 8) in base 5?
0
What is -a (base 11) in base 16?
-a
What is -5 (base 12) in base 14?
-5
Convert -1 (base 8) to base 7.
-1
Convert 102 (base 11) to base 4.
1323
What is 24 (base 7) in base 16?
12
1 (base 13) to base 6
1
Convert -7 (base 15) to base 2.
-111
What is -2 (base 4) in base 2?
-10
23 (base 15) to base 11
30
3 (base 11) to base 15
3
-212 (base 8) to base 3
-12010
What is -143 (base 8) in base 16?
-63
Convert -c (base 13) to base 15.
-c
What is 2 (base 9) in base 12?
2
50 (base 9) to base 8
55
Convert -1 (base 5) to base 13.
-1
-101 (base 2) to base 9
-5
Convert -3 (base 16) to base 7.
-3
Convert 2223 (base 4) to base 6.
443
What is -100100 (base 2) in base 6?
-100
What is 6 (base 16) in base 3?
20
Convert -21 (base 3) to base 4.
-13
-1222 (base 3) to base 8
-65
What is -3 (base 5) in base 3?
-10
What is 1 (base 7) in base 16?
1
-123 (base 8) to base 11
-76
Convert 5 (base 8) to base 14.
5
Convert 1101 (base 3) to base 15.
27
What is -81 (base 11) in base 5?
-324
-10 (base 8) to base 9
-8
Convert -25 (base 9) to base 10.
-23
Convert 21 (base 11) to base 3.
212
Convert -7 (base 11) to base 3.
-21
What is -7 (base 9) in base 10?
-7
Convert 11 (base 10) to base 12.
b
Convert -22 (base 9) to base 11.
-19
-12 (base 16) to base 12
-16
-b4 (base 14) to base 7
-314
67 (base 12) to base 15
54
-3003 (base 4) to base 12
-143
Convert 10000 (base 2) to base 13.
13
Convert -4 (base 8) to base 5.
-4
What is -10230 (base 4) in base 9?
-363
44 (base 9) to base 14
2c
What is -2 (base 8) in base 4?
-2
1302 (base 5) to base 12
14a
What is 1021 (base 3) in base 13?
28
Convert 9 (base 15) to base 4.
21
What is -10 (base 7) in base 11?
-7
Convert 32 (base 9) to base 4.
131
Convert -17 (base 13) to base 6.
-32
125 (base 12) to base 7
335
1 (base 4) to base 5
1
1030 (base 5) to base 16
8c
Convert 100011 (base 2) to base 15.
25
What is 191 (base 10) in base 11?
164
What is 1000000 (base 2) in base 3?
2101
What is -31 (base 5) in base 10?
-16
Convert 12211 (base 3) to base 14.
b3
7 (base 14) to base 10
7
Convert -1 (base 3) to base 8.
-1
Convert 4a (base 11) to base 2.
110110
-134 (base 11) to base 5
-1113
Convert -10 (base 10) to base 13.
-a
Convert -1d (base 16) to base 10.
-29
-a (base 13) to base 10
-10
Convert -10 (base 3) to base 4.
-3
What is -1 (base 7) in base 14?
-1
Convert 1b (base 12) to base 7.
32
4b (base 12) to base 7
113
Convert 3 (base 7) to base 12.
3
0 (base 3) to base 8
0
Convert 68 (base 10) to base 13.
53
What is -a8 (base 13) in base 11?
-116
What is 1110110 (base 2) in base 8?
166
-1001000 (base 2) to base 11
-66
What is -c5 (base 14) in base 9?
-212
What is -4 (base 16) in base 12?
-4
23 (base 4) to base 9
12
What is 19 (base 14) in base 7?
32
235 (base 10) to base 14
12b
Convert -93 (base 15) to base 8.
-212
What is -1 (base 16) in base 4?
-1
Convert -28 (base 16) to base 11.
-37
What is 2 (base 3) in base 11?
2
Convert -132 (base 4) to base 15.
-20
What is 12 (base 16) in base 6?
30
-7 (base 11) to base 13
-7
7 (base 14) to base 3
21
Convert -310 (base 7) to base 9.
-181
0 (base 3) to base 12
0
What is -143 (base 5) in base 9?
-53
2033 (base 4) to base 5
1033
-10111010 (base 2) to base 10
-186
Convert 4 (base 8) to base 10.
4
44 (base 5) to base 2
11000
3 (base 13) to base 7
3
What is b9 (base 12) in base 9?
166
What is 21 (base 5) in base 8?
13
What is 1 (base 4) in base 12?
1
What is -41 (base 8) in base 13?
-27
What is -564 (base 7) in base 10?
-291
Convert 68 (base 12) to base 14.
5a
What is 10 (base 9) in base 15?
9
What is 5 (base 11) in base 5?
10
-11100 (base 2) to base 14
-20
10 (base 3) to base 14
3
-2 (base 8) to base 16
-2
What is -4 (base 11) in base 14?
-4
1234 (base 5) to base 12
142
Convert -10 (base 14) to base 4.
-32
What is 0 (base 6) in base 8?
0
What is 1 (base 5) in base 3?
1
What is 2 (base 12) in base 4?
2
What is -5 (base 6) in base 8?
-5
Convert -10200 (base 4) to base 7.
-561
Convert 4 (base 10) to base 8.
4
-40 (base 7) to base 11
-26
Convert 4 (base 9) to base 7.
4
What is -343 (base 9) in base 4?
-10122
Convert 10 (base 9) to base 4.
21
-124 (base 8) to base 2
-1010100
-8 (base 14) to base 2
-1000
Convert -4 (base 5) to base 3.
-11
What is -12 (base 14) in base 7?
-22
What is 9 (base 13) in base 6?
13
1 (base 10) to base 7
1
3001 (base 5) to base 8
570
What is -12 (base 3) in base 2?
-101
What is -8a (base 14) in base 8?
-172
What is 17 (base 13) in base 4?
110
10 (base 3) to base 10
3
What is -3 (base 7) in base 5?
-3
-256 (base 11) to base 9
-366
4 (base 13) to base 14
4
0 (base 5) to base 2
0
What is -11001 (base 2) in base 12?
-21
Convert -4 (base 11) to base 6.
-4
10 (base 9) to base 4
21
3 (base 4) to base 6
3
43 (base 11) to base 8
57
Convert 51 (base 12) to base 2.
111101
What is c7 (base 15) in base 2?
10111011
What is 4 (base 13) in base 8?
4
What is -10000010 (base 2) in base 11?
-109
Convert -11 (base 8) to base 9.
-10
437 (base 9) to base 5
2413
What is 2 (base 13) in base 6?
2
Convert 0 (base 6) to base 13.
0
-11 (base 8) to base 10
-9
-1 (base 8) to base 6
-1
Convert -1011 (base 6) to base 15.
-ed
1 (base 9) to base 4
1
-14 (base 12) to base 2
-10000
What is -86 (base 15) in base 9?
-150
Convert -10 (base 4) to base 2.
-100
Convert 13 (base 15) to base 12.
16
Convert -53 (base 16) to base 5.
-313
What is 37 (base 8) in base 5?
111
What is -2b (base 15) in base 6?
-105
-3 (base 4) to base 7
-3
Convert 11 (base 10) to base 3.
102
Convert -4 (base 6) to base 4.
-10
Convert 11103 (base 4) to base 15.
179
What is -3 (base 12) in base 7?
-3
Convert -128 (base 9) to base 16.
-6b
-9 (base 14) to base 3
-100
Convert 111011 (base 2) to base 5.
214
8 (base 13) to base 10
8
2 (base 4) to base 15
2
What is -157 (base 8) in base 5?
-421
What is 3 (base 7) in base 8?
3
Convert 44 (base 10) to base 9.
48
0 (base 12) to base 3
0
Convert 40 (base 7) to base 3.
1001
What is 37 (base 8) in base 2?
11111
1c (base 14) to base 7
35
What is 2 (base 5) in base 13?
2
100010 (base 2) to base 3
1021
Convert -2 (base 16) to base 8.
-2